. Determine p(-87).
10
Let o(y) = 14*y**2 + 2*y - 17. Calculate o(-6).
475
Let k(x) = -x**3 - 5*x**2 + 5*x + 40. Calculate k(-4).
4
Let i(j) = -17*j**2 + 446*j + 34. Give i(26).
138
Let h(g) = 46*g - 589. Give h(5).
-359
Let p(k) = -262*k + 236. Determine p(1).
-26
Let l(n) = 4*n**2 - 39*n + 75. Calculate l(7).
-2
Let d(v) = 77*v**3 - 3*v**2. Give d(-1).
-80
Let t(h) = h**3 + 33*h**2 - 37*h - 51. Give t(-34).
51
Let b(v) = v**2 + 101*v - 1154. Determine b(12).
202
Let j(y) = 2*y**2 - 50*y - 353. Calculate j(-6).
19
Let s(r) = -r - 164. Determine s(-42).
-122
Let j(t) = 21*t**2 + 269*t - 51. Determine j(-13).
1
Let f(p) = -30*p + 165. Give f(0).
165
Let p(c) = -c**2 + 146*c - 687. Give p(5).
18
Let f(h) = h**3 + 11*h**2 + 26*h + 16. Calculate f(-8).
0
Let q(o) = 3240*o + 23. What is q(0)?
23
Let k(n) = 4*n**2 + 4028*n + 16056. Calculate k(-4).
8
Let y(a) = -a**3 - 7*a**2 - 63*a - 439. Determine y(-7).
2
Let p(h) = 33*h - 762. What is p(32)?
294
Let a(b) = -29*b + 466. Give a(16).
2
Let q(f) = 95*f**3 - 34*f + 35. Give q(1).
96
Let t(y) = y**3 - 5*y**2 - 8*y + 6. Determine t(6).
-6
Let a(p) = -3*p**2 - 19*p - 65. What is a(-6)?
-59
Let j(h) = -321*h - 3227. Give j(-10).
-17
Let i(s) = -47*s - 51. What is i(-3)?
90
Let y(f) = -5*f**2 - 143*f + 358. Determine y(-31).
-14
Let m(c) = 310*c - 5895. Determine m(19).
-5
Let l(g) = 5*g**3 + 21*g**2 + 27*g - 2. Determine l(-3).
-29
Let j(z) = -152*z + 3901. Calculate j(26).
-51
Let l(r) = -7413*r + 29639. Give l(4).
-13
Let g(s) = 5*s**2 + 1156*s + 6841. Calculate g(-6).
85
Let v(h) = -h**3 - 84*h**2 + 743*h - 55. Determine v(8).
1
Let p(r) = 243*r - 16286. What is p(67)?
-5
Let w(d) = -45*d + 1244. What is w(23)?
209
Let x(m) = -m**2 + 131*m + 665. Calculate x(-5).
-15
Let c(q) = -80*q - 1895. Calculate c(-22).
-135
Let n(o) = -o**2 + o + 68. What is n(11)?
-42
Let u(n) = 65*n - 2145. Calculate u(33).
0
Let i(q) = -q**2 + 79*q - 235. Give i(3).
-7
Let y(l) = l**2 + 354*l + 3412. Give y(-344).
-28
Let r(x) = 25*x - 94. Give r(17).
331
Let p(j) = -2*j**3 + 16*j**2 + 65*j - 429. What is p(9)?
-6
Let l(b) = b**3 + 9*b**2 - 64*b - 144. Determine l(-13).
12
Let p(a) = 7*a**2 + 177*a - 27. Determine p(-27).
297
Let c(k) = -1434*k - 24411. Calculate c(-17).
-33
Let c(y) = 74*y - 219. What is c(3)?
3
Let r(g) = 37*g - 288. Determine r(8).
8
Let r(p) = -2*p**3 - 57*p**2 - 22*p + 73. What is r(-28)?
-95
Let j(m) = -4*m**2 - 229*m - 3183. Calculate j(-24).
9
Let q(w) = -568*w + 9645. What is q(17)?
-11
Let i(g) = -7*g**2 - 46*g - 71. Give i(-4).
1
Let a(q) = -1343*q + 8055. Calculate a(6).
-3
Let f(j) = -359*j + 1659. What is f(5)?
-136
Let l(p) = 2*p**2 - 14*p - 239. What is l(-13)?
281
Let x(v) = -52*v - 37. Give x(-1).
15
Let v(j) = -4*j**2 + 258*j - 1275. Give v(5).
-85
Let r(w) = 239*w + 923. What is r(-4)?
-33
Let b(p) = 502*p - 1007. Calculate b(2).
-3
Let r(w) = -2*w**2 + 102*w - 5. What is r(51)?
-5
Let z(q) = 856*q + 10271. Calculate z(-12).
-1
Let v(k) = -k**2 + 48. Give v(-10).
-52
Let y(v) = -2*v**3 - 2*v**2 - 2*v + 342. What is y(0)?
342
Let v(f) = f**2 + 186*f + 4818. Give v(-31).
13
Let p(l) = 274*l - 2940. Calculate p(10).
-200
Let w(y) = 3*y**3 - 15*y**2 + 17*y + 34. What is w(7)?
447
Let t(f) = f**3 + 125*f**2 - 360*f + 3052. Give t(-128).
-20
Let z(x) = -x**3 - 27*x**2 + 78. Give z(-27).
78
Let z(v) = v**3 + 18*v**2 - 22*v - 96. Give z(-19).
-39
Let d(x) = 29*x**2 - 205*x - 87. Determine d(7).
-101
Let f(s) = s**2 + 44*s - 386. Calculate f(8).
30
Let m(d) = -126*d - 1903. Give m(-15).
-13
Let v(y) = 9*y**2 - 268*y + 218. Calculate v(29).
15
Let c(u) = 3*u**2 - 17*u + 41. Determine c(8).
97
Let n(d) = -d**3 - 6*d**2 + 101*d - 199. What is n(6)?
-25
Let z(s) = 79*s + 10425. Calculate z(-132).
-3
Let d(j) = 293*j + 19659. Determine d(-67).
28
Let p(w) = w**3 + 15*w**2 + 56*w + 5. Calculate p(-6).
-7
Let l(q) = q**3 + q**2 - 43*q + 146. Calculate l(4).
54
Let z(y) = -9*y**2 + 76*y - 81. Determine z(7).
10
Let s(t) = 2*t**3 + 153*t**2 - 233*t + 78. Calculate s(-78).
0
Let a(j) = j**2 - 1038*j - 11550. Calculate a(-11).
-11
Let s(r) = r**2 - 138*r + 4696. Determine s(78).
16
Let z(s) = s**3 + 7*s**2 - 68*s + 142. Determine z(-13).
12
Let h(x) = 4*x + 100. What is h(-30)?
-20
Let s(x) = 156*x**3 - 2341*x**2 + 15*x - 1. What is s(15)?
-1
Let s(c) = c**3 - 119*c**2 - 1432*c + 251. Calculate s(130).
-9
Let d(b) = 781*b + 4686. Give d(-6).
0
Let d(g) = g**3 + g**2 - 41*g + 46. Determine d(5).
-9
Let b(v) = 999*v - 16. Calculate b(0).
-16
Let z(b) = 28*b + 340. Calculate z(-20).
-220
Let h(b) = -13*b + 34. Calculate h(6).
-44
Let i(c) = 2*c**3 + 203*c**2 + 74*c - 2734. Determine i(-101).
-7
Let r(w) = -535*w + 75944. What is r(142)?
-26
Let i(d) = d**3 - 26*d**2 - 87*d + 4. What is i(29)?
4
Let n(z) = -z**3 - 18*z**2 + 361*z + 1. Determine n(12).
13
Let n(f) = 107*f - 63. Determine n(1).
44
Let u(p) = 11*p**3 + p**2 + 2*p + 12. Give u(3).
324
Let m(d) = -8*d - 359. Determine m(-29).
-127
Let b(g) = -8*g - 350. What is b(-60)?
130
Let x(z) = -270*z - 9150. Give x(-34).
30
Let o(j) = -j**2 + 35*j - 432. Give o(20).
-132
Let g(c) = -23*c**2 + 956*c - 14. Give g(41).
519
Let w(j) = 180*j + 1195. What is w(-7)?
-65
Let m(g) = -459*g**2 + 4135*g - 22. Determine m(9).
14
Let l(k) = -7*k**3 + 110*k**2 + 9*k + 130. Give l(16).
-238
Let b(w) = -4*w**3 - 3*w**2 - 15*w - 4. Give b(-5).
496
Let r(g) = -2*g**2 - 49*g + 1596. What is r(-41)?
243
Let j(p) = 311*p - 6845. Give j(22).
-3
Let v(l) = -l**2 - 615*l + 5062. What is v(8)?
78
Let h(f) = f**2 - 39*f + 351. Calculate h(36).
243
Let m(l) = 3*l**2 + 79*l + 511. Give m(-11).
5
Let g(w) = -21*w**3 + 22*w**2 - 42*w + 2. Determine g(2).
-162
Let u(b) = 5*b**3 - 27*b**2 - 3*b - 50. Calculate u(5).
-115
Let f(b) = 4*b**2 - 49*b + 72. Calculate f(11).
17
Let g(i) = -221*i + 2112. What is g(8)?
344
Let h(w) = -78*w**2 + 22*w + 5. Determine h(2).
-263
Let k(y) = 35*y**2 - 20. Determine k(3).
295
Let v(l) = -10*l - 311. What is v(-27)?
-41
Let m(d) = -d**2 - d + 247. Calculate m(16).
-25
Let h(z) = -5*z**3 + 36*z**2 - 70*z + 12. Give h(4).
-12
Let i(z) = z**2 + 70*z + 421. What is i(-6)?
37
Let x(a) = 317*a - 305. Calculate x(1).
12
Let s(r) = r**3 + 31*r**2 - 106*r - 134. What is s(-34)?
2
Let h(l) = l**3 - 20*l**2 - 23*l - 18. Give h(21).
-60
Let w(b) = b**3 - 64*b**2 + 79*b - 5105. Calculate w(64).
-49
Let i(m) = 105*m**3 + 2*m**2 - 9*m + 6. What is i(1)?
104
Let f(p) = -9*p + 3. Give f(26).
-231
Let m(d) = -d**3 + 35*d**2 + 113*d - 37. Determine m(38).
-75
Let k(b) = 51*b**2 + 1814*b - 786. Calculate k(-36).
6
Let z(b) = b**2 - 25*b - 200. Determine z(26).
-174
Let l(j) = -j**3 + 10*j + 5. Determine l(-5).
80
Let x(a) = a**2 + 88*a - 888. Determine x(-97).
-15
Let t(k) = 56*k - 2086. Determine t(40).
154
Let h(w) = w**2 + 50*w + 600. Give h(-30).
0
Let q(m) = -2*m**2 - 23*m + 333. Calculate q(-18).
99
Let o(w) = 55*w - 1992. Give o(36).
-12
Let n(a) = 2*a**2 - 41*a + 63. What is n(21)?
84
Let i(z) = -z**2 + 1757*z + 49977. What is i(-28)?
-3
Let c(m) = -m**3 + 67*m**2 + 4*m - 299. What is c(67)?
-31
Let k(h) = -27*h + 125. Determine k(8).
-91
Let r(u) = u**3 + 16*u**2 + 26*u - 182. Determine r(-12).
82
Let c(r) = -r**3 + 29*r**2 - 202*r - 29. What is c(12)?
-5
Let i(m) = 156*m - 186. Give i(1).
-30
Let b(k) = -k**2 - 40*k - 288. Give b(-10).
12
Let r(i) = -i**3 - 14*i**2 + 185*i - 70. Give r(8).
2
Let o(u) = u**3 + 14*u**2 + 114*u + 1103. Calculate o(-12).
23
Let w(q) = 311*q - 3120. Calculate w(10).
-10
Let q(o) = 2*o**2 - 16*o - 88. Calculate q(-5).
42
Let r(t) = 8*t**2 - 6*t - 6. What is r(-1)?
8
Let f(s) = -2*s**3 - 61*s**2 + 36*s + 136. Determine f(-31).
-19
Let t(u) = 3*u**3 - 13*u**2 - 13*u + 36. Calculate t(5).
21
Let k(i) = 264*i**2 - 11*i + 6. Calculate k(1).
259
Let x(a) = 69*a**3 - 10*a**2 - 40*a - 30. Give x(-1).
-69
Let h(w) = -w**3 - 13*w**2 - 12*w - 10. What is h(-11)?
-120
Let o(l) = 16*l**2 - 45*l + 7. Calculate o(5).
182
Let a(y) = y**3 + 13*y**2 - 18*y - 11. Calculate a(-13).
223
Let g(w) = 8534*w - 8. Determine g(0).
-8
Let l(f) = -3*f**2 - 194*f + 896. Determine l(-69).
-1
Let j(x) = x**3 - 3*x**2 - 34*x + 129. Determine j(5).
9
Let b(v) = -41*v - 771. Calculate b(-16).
-115
Let p(l) = -70*l - 1263. Determine p(-18).
-3
Let z(g) = g**2 - 52*g - 46